ainder when j(7) is divided by 9.
7
Suppose 3*c + 0*c = -3*t + 9, -2*c + 8 = 3*t. Suppose 4*o - 2*o - 33 = 5*f, -t*o + 3*f + 39 = 0. Calculate the remainder when 70 is divided by o.
22
Let w(d) = -d**2 + 4*d + 11. Let t be w(8). Let f = t - -13. Let z = f + 10. What is the remainder when z is divided by 1?
0
Suppose -3*u + 8*u - 55 = 0. Suppose -3*f = -4*g + 18, -5*f - 2 + 12 = 0. Calculate the remainder when u is divided by g.
5
Suppose 8 = 2*i - 2*x, -2*x - x = 5*i - 20. Let g(y) = -14 + 9 + 4 - 2*y. Calculate the remainder when g(-6) is divided by i.
3
Suppose 2*t = -2*d - 20, 0 = -2*t - d - 21 - 0. Let q = 15 + t. Suppose -q*p = -12, -2*i - p + 83 = 3*i. What is the remainder when 47 is divided by i?
15
Let a be (0*3/(-9))/(-1). Suppose -z = 0, 5*n + z - 21 - 69 = a. Calculate the remainder when n is divided by 10.
8
Let m(u) = -u**2 - 16*u + 3. Calculate the remainder when m(-5) is divided by 20.
18
Let s(b) = -b**3 + 3*b + 4. What is the remainder when 25 is divided by s(-2)?
1
Let o be ((-3)/1 - 0)*-1. Let t(y) = -y**3 - 4*y - o*y + 4 + 9*y**2 + 2*y**3 + 5*y. What is the remainder when 43 is divided by t(-9)?
21
Suppose 7*o - 4*o = x + 150, 2*o + 3*x = 100. Let c = o - 15. What is the remainder when c is divided by 9?
8
Let a = -58 + 53. Let j(l) = -2*l - 14. Let m(o) = o + 5. Let s(z) = -4*j(z) - 11*m(z). Calculate the remainder when 31 is divided by s(a).
15
Suppose n + 3*n = 32. Suppose -4*r - k + 10 = 1, -5*r + 21 = -2*k. What is the remainder when n is divided by r?
2
Suppose 0 = 5*g - g + w, -2*g + 4*w = -18. Let i be g/(35/(-17) + 2). Let y = 45 + i. What is the remainder when y is divided by 10?
8
Let o(v) = -4*v + 7*v**2 + 4*v - 3*v**3 + 4*v**3 + 3*v. Calculate the remainder when o(-6) is divided by 10.
8
Calculate the remainder when 29 is divided by 28/2 - (-16 - -15).
14
Let o = 163 + -99. Suppose 6*u = 2*u + o. Let z = -50 - -56. What is the remainder when u is divided by z?
4
Let c(d) = -d**3 - 4*d**2 + 4*d + 5. Let k be c(-6). Let q = k - 4. Calculate the remainder when q is divided by 25.
24
Suppose -5*c + 3*c + 3*n = 5, 14 = -4*c + 2*n. Let d = c + 9. Calculate the remainder when d is divided by -5*2*2/(-5).
1
Let p = 44 - 14. What is the remainder when 46 is divided by p?
16
Let m = 26 + -43. Let h = -15 - m. Calculate the remainder when 4 is divided by h.
0
Suppose 5*z + 0 = 15. Calculate the remainder when 9 is divided by z.
0
Suppose -5*k + k = -44. What is the remainder when k is divided by 5?
1
Suppose 3*o - 5*o = -14. What is the remainder when 18 is divided by o?
4
Let z(o) = -7*o + 11. Let i be z(-6). Suppose -3*m + 29 + 13 = 2*j, 0 = -3*j - 2*m + i. What is the remainder when 57 is divided by j?
12
Let u(i) = 13*i**3 - 3*i**2 + 2*i - 2. Let l be u(2). Suppose 0 = 3*r + l - 250. What is the remainder when r is divided by 18?
16
Suppose -2*g + 6 = 2. What is the remainder when (5/4)/(2/16) is divided by (-56)/(-10) + g/5?
4
Suppose -5*s - 4*c + 92 = -453, -2*s + 195 = -3*c. What is the remainder when s is divided by 9?
6
Suppose 0 = 4*d + 4*c + 4, c = d - 4*d + 5. Suppose -34 = -2*o - 2*u + 10, 26 = o - d*u. Calculate the remainder when 66 is divided by o.
20
Let w be (-60)/14 + 2/7. Let v = 4 - w. Calculate the remainder when 29 is divided by v.
5
Suppose 3*k - 4 = 8. Suppose 2 = k*a - 2, -3*w + 8 = -a. Suppose -2*m - w*x + 16 = -6*x, -m + 8 = x. Calculate the remainder when 14 is divided by m.
6
Let j be 2/(-7) + (-120)/(-28). Suppose 2*h + 8 = 0, -21 = -3*u - j*h + 5. Calculate the remainder when u is divided by 4.
2
Let m(b) = -b - 4. Let r be m(-6). Suppose -4*u = r*j, -10 = 3*u - 0*u + 4*j. Calculate the remainder when (-34)/(-6)*(1 + u) is divided by 9.
8
Let m(f) = -5*f**3 + 16*f**2 + 5*f + 9. Let a(o) = -4*o**3 + 15*o**2 + 4*o + 10. Let z(n) = 4*a(n) - 3*m(n). Calculate the remainder when z(12) is divided by 7.
4
Let k = 2 - -3. Suppose 63 = -k*t - 12. Let w = 40 + t. Calculate the remainder when w is divided by 9.
7
Suppose -80 = 6*p - 680. What is the remainder when p is divided by 34?
32
Calculate the remainder when 52 is divided by 95/(-30) + 3 + (-110)/(-12).
7
Let n = 24 + -14. What is the remainder when 18 is divided by n?
8
Let d = 127 - 110. Let v = 75 + -44. What is the remainder when v is divided by d?
14
Suppose 50 - 140 = -9*s. Calculate the remainder when 21 is divided by s.
1
Let j be 3/(-3) - -2*1. Let k(o) = 3*o - 3*o - o + 18*o**2. What is the remainder when k(j) is divided by 9?
8
Suppose 0 = -3*i - 4*u + 5, -2*u = 3*i - 3 - 4. Suppose i*l + 66 = 6*l. What is the remainder when l is divided by 6?
4
Let h = -11 - -13. What is the remainder when (-1102)/(-14) + h/7 is divided by 20?
19
Let r = 5 + 25. Let w = r + -21. Calculate the remainder when (-1)/6 - 755/(-30) is divided by w.
7
Suppose -14 = -2*p + 22. Calculate the remainder when -2 + 39 + (-4)/2 is divided by p.
17
Suppose -15*j = -11*j - 24. Suppose -123 = -j*a + 3. Calculate the remainder when 60 is divided by a.
18
Suppose -3*h + 5*a - 17 = -4*h, 4*h + 4*a - 100 = 0. What is the remainder when 106 is divided by h?
25
Let x = 243 + -135. Suppose -132 = -5*u + x. What is the remainder when u is divided by 10?
8
Let b = 257 - 152. Calculate the remainder when b is divided by 18.
15
Let i = -70 + 178. What is the remainder when i is divided by 37?
34
Suppose -2*v + 234 = 4*i, 3*i - 5*i - 585 = -5*v. Calculate the remainder when v is divided by 24.
21
Let k(w) = 6*w - 27. What is the remainder when 144 is divided by k(8)?
18
Suppose -7*d + 14 = -133. Calculate the remainder when d is divided by 9.
3
Suppose 6*f + 55 = f. Let b = f + 19. Let w = b + 7. Calculate the remainder when 43 is divided by w.
13
Let o(t) = t**2 - 11*t - 4*t**2 + t**3 + 14*t. Let m = 3 + 0. What is the remainder when 17 is divided by o(m)?
8
Let d(n) = n**3 + 12. Let u be (0 - 0)*2/2. What is the remainder when d(u) is divided by (1 + -15)/(10 - 12)?
5
Suppose 4*g = 10 + 2. Suppose -w = 2*v - 27, 0 = g*w + 11 + 4. What is the remainder when 46 is divided by v?
14
Let y be 2/(-5) + 552/30. Let i = -25 + y. Let m = i - -12. What is the remainder when 14 is divided by m?
4
Let h(y) be the first derivative of y**2 + 14*y - 6. Calculate the remainder when h(6) is divided by 14.
12
Calculate the remainder when (4 - (-1 - -1)) + 102 is divided by 27.
25
Suppose f - 2*v - 23 = v, 2*f = -4*v + 6. What is the remainder when 41 is divided by f?
8
Let m = -10 - -12. Calculate the remainder when 11 is divided by m.
1
Suppose 4*s = -i + 122, s + 0*s = 3*i + 24. What is the remainder when s is divided by -2*2*(3 + -5)?
6
Calculate the remainder when 155 is divided by 13/1 + (6 - 3 - 3).
12
Calculate the remainder when (-2796)/(-60) + 2/5 is divided by 10.
7
Suppose -2*m + 54 = 2*c, -154 = -5*c + 3*m - 59. Calculate the remainder when 64 is divided by c.
20
Suppose l + 4 = y - 2, -2*l = 3*y - 8. Suppose -y*d - 4 = -5*d. Let b = -23 + 34. What is the remainder when b is divided by d?
3
Let t(n) = n**3 + 8*n**2 + 5*n - 4. Suppose -16 = -3*v + 32. Suppose -4 = -5*w + v. What is the remainder when t(-7) is divided by w?
2
Let x = 39 - 7. Suppose c + c = 2. Calculate the remainder when (c + -6)/((-4)/x) is divided by 14.
12
Suppose 20 = h - 17. Suppose -3*w = -2*s - 2*w + 25, 4*s - 4*w = 48. What is the remainder when h is divided by s?
11
What is the remainder when ((-80 - 0) + -2)*(-3)/6 is divided by 13?
2
Let o(j) = 5*j - j**2 + 4 - 6*j + 5*j. Let l be o(4). Suppose -k - 2*f = -4, -l = -4*k - 0*k + 4*f. Calculate the remainder when k is divided by 2.
0
Let q = -8 + 8. What is the remainder when (-20)/(-1 - (1 - q)) is divided by 6?
4
Let b = 2 + 20. Let w = -21 + b. What is the remainder when 3 is divided by w?
0
Suppose 0*l = -9*l + 126. Calculate the remainder when 137 is divided by l.
11
Suppose 0*o - 14 = -2*o. What is the remainder when 1 + 1 - (4 - o) is divided by 2/(6/(-3)) - -3?
1
Let d(h) = -h**3 - h**2 + h - 1. Let l be d(-2). Suppose -2*g - 2*r - l = -7, g - 2*r = 9. Calculate the remainder when g is divided by (-2)/(-5) + (-24)/(-15).
1
Suppose 5*k - 29 = -4*h, 2*k + 2*k = 3*h - 14. What is the remainder when 22 is divided by h?
4
Suppose -d + j = 2*d - 4, -5*d = j - 12. Suppose 3*m - 6*m + 2*f = -15, d*m = -f + 3. Let n = 64 + m. What is the remainder when 